{"id":20566,"date":"2022-12-20T16:52:15","date_gmt":"2022-12-20T15:52:15","guid":{"rendered":"https:\/\/alain-marie.fr\/?page_id=20566"},"modified":"2024-11-08T09:22:29","modified_gmt":"2024-11-08T08:22:29","slug":"accueil","status":"publish","type":"page","link":"https:\/\/alain-marie.fr\/","title":{"rendered":"Accueil"},"content":{"rendered":"\n<figure class=\"wp-block-gallery has-nested-images columns-default is-cropped wp-block-gallery-1 is-layout-flex wp-block-gallery-is-layout-flex\">\n<figure class=\"wp-block-image size-large\"><a class=\"lighbox\" href=\"https:\/\/alain-marie.fr\/wp-content\/uploads\/2023\/02\/orme-qui-marche-detail.jpg\" rel=\"lighbox\"><img loading=\"lazy\" decoding=\"async\" width=\"1024\" height=\"768\" data-id=\"21053\" src=\"https:\/\/alain-marie.fr\/wp-content\/uploads\/2023\/02\/orme-qui-marche-detail-1024x768.jpg\" alt=\"\" class=\"wp-image-21053\" srcset=\"https:\/\/alain-marie.fr\/wp-content\/uploads\/2023\/02\/orme-qui-marche-detail-1024x768.jpg 1024w, https:\/\/alain-marie.fr\/wp-content\/uploads\/2023\/02\/orme-qui-marche-detail-300x225.jpg 300w, https:\/\/alain-marie.fr\/wp-content\/uploads\/2023\/02\/orme-qui-marche-detail-150x113.jpg 150w, https:\/\/alain-marie.fr\/wp-content\/uploads\/2023\/02\/orme-qui-marche-detail-768x576.jpg 768w, https:\/\/alain-marie.fr\/wp-content\/uploads\/2023\/02\/orme-qui-marche-detail-1536x1152.jpg 1536w, https:\/\/alain-marie.fr\/wp-content\/uploads\/2023\/02\/orme-qui-marche-detail-400x300.jpg 400w, https:\/\/alain-marie.fr\/wp-content\/uploads\/2023\/02\/orme-qui-marche-detail.jpg 2048w\" sizes=\"auto, (max-width: 1024px) 100vw, 1024px\" \/><\/a><\/figure>\n\n\n\n<figure class=\"wp-block-image size-large\"><a class=\"lighbox\" href=\"https:\/\/alain-marie.fr\/wp-content\/uploads\/2023\/02\/pierre2.jpg\" rel=\"lighbox\"><img loading=\"lazy\" decoding=\"async\" width=\"1024\" height=\"768\" data-id=\"21046\" src=\"https:\/\/alain-marie.fr\/wp-content\/uploads\/2023\/02\/pierre2-1024x768.jpg\" alt=\"\" class=\"wp-image-21046\" srcset=\"https:\/\/alain-marie.fr\/wp-content\/uploads\/2023\/02\/pierre2-1024x768.jpg 1024w, https:\/\/alain-marie.fr\/wp-content\/uploads\/2023\/02\/pierre2-300x225.jpg 300w, https:\/\/alain-marie.fr\/wp-content\/uploads\/2023\/02\/pierre2-150x113.jpg 150w, https:\/\/alain-marie.fr\/wp-content\/uploads\/2023\/02\/pierre2-768x576.jpg 768w, https:\/\/alain-marie.fr\/wp-content\/uploads\/2023\/02\/pierre2-1536x1152.jpg 1536w, https:\/\/alain-marie.fr\/wp-content\/uploads\/2023\/02\/pierre2-400x300.jpg 400w, https:\/\/alain-marie.fr\/wp-content\/uploads\/2023\/02\/pierre2.jpg 2000w\" sizes=\"auto, (max-width: 1024px) 100vw, 1024px\" \/><\/a><\/figure>\n\n\n\n<figure class=\"wp-block-image size-large\"><a class=\"lighbox\" href=\"https:\/\/alain-marie.fr\/wp-content\/uploads\/2023\/02\/Songe-TERRE-CUITE.jpg\" rel=\"lighbox\"><img loading=\"lazy\" decoding=\"async\" width=\"1024\" height=\"683\" data-id=\"21054\" src=\"https:\/\/alain-marie.fr\/wp-content\/uploads\/2023\/02\/Songe-TERRE-CUITE-1024x683.jpg\" alt=\"\" class=\"wp-image-21054\" srcset=\"https:\/\/alain-marie.fr\/wp-content\/uploads\/2023\/02\/Songe-TERRE-CUITE-1024x683.jpg 1024w, https:\/\/alain-marie.fr\/wp-content\/uploads\/2023\/02\/Songe-TERRE-CUITE-300x200.jpg 300w, https:\/\/alain-marie.fr\/wp-content\/uploads\/2023\/02\/Songe-TERRE-CUITE-150x100.jpg 150w, https:\/\/alain-marie.fr\/wp-content\/uploads\/2023\/02\/Songe-TERRE-CUITE-768x512.jpg 768w, https:\/\/alain-marie.fr\/wp-content\/uploads\/2023\/02\/Songe-TERRE-CUITE-1536x1024.jpg 1536w, https:\/\/alain-marie.fr\/wp-content\/uploads\/2023\/02\/Songe-TERRE-CUITE-2048x1366.jpg 2048w, https:\/\/alain-marie.fr\/wp-content\/uploads\/2023\/02\/Songe-TERRE-CUITE-450x300.jpg 450w\" sizes=\"auto, (max-width: 1024px) 100vw, 1024px\" \/><\/a><\/figure>\n<\/figure>\n\n\n\n<figure class=\"wp-block-gallery has-nested-images columns-default is-cropped wp-block-gallery-2 is-layout-flex wp-block-gallery-is-layout-flex\">\n<figure class=\"wp-block-image size-large is-style-default\"><a class=\"lighbox\" href=\"https:\/\/alain-marie.fr\/wp-content\/uploads\/2016\/02\/Les-Tourelles-par-Michel-Wyn-2008.jpg\" rel=\"lighbox\"><img loading=\"lazy\" decoding=\"async\" width=\"1024\" height=\"698\" data-id=\"97\" src=\"https:\/\/alain-marie.fr\/wp-content\/uploads\/2016\/02\/Les-Tourelles-par-Michel-Wyn-2008-1024x698.jpg\" alt=\"\" class=\"wp-image-97\" srcset=\"https:\/\/alain-marie.fr\/wp-content\/uploads\/2016\/02\/Les-Tourelles-par-Michel-Wyn-2008-1024x698.jpg 1024w, https:\/\/alain-marie.fr\/wp-content\/uploads\/2016\/02\/Les-Tourelles-par-Michel-Wyn-2008-300x204.jpg 300w, https:\/\/alain-marie.fr\/wp-content\/uploads\/2016\/02\/Les-Tourelles-par-Michel-Wyn-2008-768x523.jpg 768w, https:\/\/alain-marie.fr\/wp-content\/uploads\/2016\/02\/Les-Tourelles-par-Michel-Wyn-2008-624x425.jpg 624w, https:\/\/alain-marie.fr\/wp-content\/uploads\/2016\/02\/Les-Tourelles-par-Michel-Wyn-2008.jpg 1752w\" sizes=\"auto, (max-width: 1024px) 100vw, 1024px\" \/><\/a><\/figure>\n\n\n\n<figure class=\"wp-block-image size-large\"><a class=\"lighbox\" href=\"https:\/\/alain-marie.fr\/wp-content\/uploads\/2016\/05\/orme-qui-marche-vue-globale.jpg\" rel=\"lighbox\"><img loading=\"lazy\" decoding=\"async\" width=\"1024\" height=\"768\" data-id=\"468\" src=\"https:\/\/alain-marie.fr\/wp-content\/uploads\/2016\/05\/orme-qui-marche-vue-globale-1024x768.jpg\" alt=\"\" class=\"wp-image-468\" srcset=\"https:\/\/alain-marie.fr\/wp-content\/uploads\/2016\/05\/orme-qui-marche-vue-globale-1024x768.jpg 1024w, https:\/\/alain-marie.fr\/wp-content\/uploads\/2016\/05\/orme-qui-marche-vue-globale-300x225.jpg 300w, https:\/\/alain-marie.fr\/wp-content\/uploads\/2016\/05\/orme-qui-marche-vue-globale-768x576.jpg 768w, https:\/\/alain-marie.fr\/wp-content\/uploads\/2016\/05\/orme-qui-marche-vue-globale-450x337.jpg 450w, https:\/\/alain-marie.fr\/wp-content\/uploads\/2016\/05\/orme-qui-marche-vue-globale-624x468.jpg 624w, https:\/\/alain-marie.fr\/wp-content\/uploads\/2016\/05\/orme-qui-marche-vue-globale.jpg 1200w\" sizes=\"auto, (max-width: 1024px) 100vw, 1024px\" \/><\/a><\/figure>\n\n\n\n<figure class=\"wp-block-image size-large\"><a class=\"lighbox\" href=\"https:\/\/alain-marie.fr\/wp-content\/uploads\/2016\/03\/IMG_2786.jpg\" rel=\"lighbox\"><img loading=\"lazy\" decoding=\"async\" width=\"768\" height=\"1024\" data-id=\"309\" src=\"https:\/\/alain-marie.fr\/wp-content\/uploads\/2016\/03\/IMG_2786-768x1024.jpg\" alt=\"\" class=\"wp-image-309\" srcset=\"https:\/\/alain-marie.fr\/wp-content\/uploads\/2016\/03\/IMG_2786-768x1024.jpg 768w, https:\/\/alain-marie.fr\/wp-content\/uploads\/2016\/03\/IMG_2786-225x300.jpg 225w, https:\/\/alain-marie.fr\/wp-content\/uploads\/2016\/03\/IMG_2786-624x832.jpg 624w, https:\/\/alain-marie.fr\/wp-content\/uploads\/2016\/03\/IMG_2786.jpg 900w\" sizes=\"auto, (max-width: 768px) 100vw, 768px\" \/><\/a><\/figure>\n<\/figure>\n\n\n\n<p><\/p>\n\n\n\n<p>Alain-Marie Parmentier est n\u00e9 dans une ferme d&rsquo;altitude du massif vosgien. Rien \u00e0 priori ne le pr\u00e9disposait \u00e0 devenir sculpteur. De formation technique, il exerce dans des domaines industriels tr\u00e8s vari\u00e9s qui le portent \u00e0 s&rsquo;int\u00e9resser au syst\u00e8me des objets et \u00e0 l&rsquo;\u00e9volution des savoir-faire. Cette curiosit\u00e9 pour les processus de production et la transformation des mat\u00e9riaux masquait en r\u00e9alit\u00e9 la qu\u00eate sous-jacente d&rsquo;une cr\u00e9ativit\u00e9 particuli\u00e8re, issue de la Nature elle-m\u00eame et que la passion du bois allait r\u00e9veiller.<\/p>\n\n\n\n<p><a href=\"https:\/\/alain-marie.fr\/?page_id=20540\">Toutes les r\u00e9f\u00e9rences de l&rsquo;artiste ici<\/a><\/p>\n\n\n\n<p><a href=\"https:\/\/alain-marie.fr\/?page_id=16\">Actualit\u00e9s <\/a><\/p>\n\n\n\n<hr class=\"wp-block-separator has-alpha-channel-opacity\"\/>\n","protected":false},"excerpt":{"rendered":"<p>Alain-Marie Parmentier est n\u00e9 dans une ferme d&rsquo;altitude du massif vosgien. Rien \u00e0 priori ne le pr\u00e9disposait \u00e0 devenir sculpteur. De formation technique, il exerce dans des domaines industriels tr\u00e8s vari\u00e9s qui le portent \u00e0 s&rsquo;int\u00e9resser au syst\u00e8me des objets et \u00e0 l&rsquo;\u00e9volution des savoir-faire. Cette curiosit\u00e9 pour les processus &hellip;<\/p>\n","protected":false},"author":5,"featured_media":0,"parent":0,"menu_order":999999999,"comment_status":"closed","ping_status":"closed","template":"","meta":{"footnotes":""},"class_list":["post-20566","page","type-page","status-publish","hentry"],"yoast_head":"<!-- This site is optimized with the Yoast SEO plugin v27.2 - https:\/\/yoast.com\/product\/yoast-seo-wordpress\/ -->\n<title>Accueil - Sculpteur<\/title>\n<meta name=\"robots\" content=\"index, follow, max-snippet:-1, max-image-preview:large, max-video-preview:-1\" \/>\n<link rel=\"canonical\" href=\"https:\/\/alain-marie.fr\/\" \/>\n<meta property=\"og:locale\" content=\"fr_FR\" \/>\n<meta property=\"og:type\" content=\"article\" \/>\n<meta property=\"og:title\" content=\"Accueil - Sculpteur\" \/>\n<meta property=\"og:description\" content=\"Alain-Marie Parmentier est n\u00e9 dans une ferme d&rsquo;altitude du massif vosgien. Rien \u00e0 priori ne le pr\u00e9disposait \u00e0 devenir sculpteur. De formation technique, il exerce dans des domaines industriels tr\u00e8s vari\u00e9s qui le portent \u00e0 s&rsquo;int\u00e9resser au syst\u00e8me des objets et \u00e0 l&rsquo;\u00e9volution des savoir-faire. Cette curiosit\u00e9 pour les processus &hellip;\" \/>\n<meta property=\"og:url\" content=\"https:\/\/alain-marie.fr\/\" \/>\n<meta property=\"og:site_name\" content=\"Sculpteur\" \/>\n<meta property=\"article:modified_time\" content=\"2024-11-08T08:22:29+00:00\" \/>\n<meta property=\"og:image\" content=\"https:\/\/alain-marie.fr\/wp-content\/uploads\/2023\/02\/orme-qui-marche-detail.jpg\" \/>\n\t<meta property=\"og:image:width\" content=\"2048\" \/>\n\t<meta property=\"og:image:height\" content=\"1536\" \/>\n\t<meta property=\"og:image:type\" content=\"image\/jpeg\" \/>\n<meta name=\"twitter:card\" content=\"summary_large_image\" \/>\n<meta name=\"twitter:label1\" content=\"Dur\u00e9e de lecture estim\u00e9e\" \/>\n\t<meta name=\"twitter:data1\" content=\"2 minutes\" \/>\n<script type=\"application\/ld+json\" class=\"yoast-schema-graph\">{\"@context\":\"https:\/\/schema.org\",\"@graph\":[{\"@type\":\"WebPage\",\"@id\":\"https:\/\/alain-marie.fr\/\",\"url\":\"https:\/\/alain-marie.fr\/\",\"name\":\"Accueil - Sculpteur\",\"isPartOf\":{\"@id\":\"https:\/\/alain-marie.fr\/#website\"},\"primaryImageOfPage\":{\"@id\":\"https:\/\/alain-marie.fr\/#primaryimage\"},\"image\":{\"@id\":\"https:\/\/alain-marie.fr\/#primaryimage\"},\"thumbnailUrl\":\"https:\/\/alain-marie.fr\/wp-content\/uploads\/2023\/02\/orme-qui-marche-detail-1024x768.jpg\",\"datePublished\":\"2022-12-20T15:52:15+00:00\",\"dateModified\":\"2024-11-08T08:22:29+00:00\",\"breadcrumb\":{\"@id\":\"https:\/\/alain-marie.fr\/#breadcrumb\"},\"inLanguage\":\"fr-FR\",\"potentialAction\":[{\"@type\":\"ReadAction\",\"target\":[\"https:\/\/alain-marie.fr\/\"]}]},{\"@type\":\"ImageObject\",\"inLanguage\":\"fr-FR\",\"@id\":\"https:\/\/alain-marie.fr\/#primaryimage\",\"url\":\"https:\/\/alain-marie.fr\/wp-content\/uploads\/2023\/02\/orme-qui-marche-detail.jpg\",\"contentUrl\":\"https:\/\/alain-marie.fr\/wp-content\/uploads\/2023\/02\/orme-qui-marche-detail.jpg\",\"width\":2048,\"height\":1536},{\"@type\":\"BreadcrumbList\",\"@id\":\"https:\/\/alain-marie.fr\/#breadcrumb\",\"itemListElement\":[{\"@type\":\"ListItem\",\"position\":1,\"name\":\"Accueil\",\"item\":\"https:\/\/alain-marie.fr\/\"},{\"@type\":\"ListItem\",\"position\":2,\"name\":\"Accueil\"}]},{\"@type\":\"WebSite\",\"@id\":\"https:\/\/alain-marie.fr\/#website\",\"url\":\"https:\/\/alain-marie.fr\/\",\"name\":\"Sculpteur\",\"description\":\"Alain Marie Parmentier\",\"publisher\":{\"@id\":\"https:\/\/alain-marie.fr\/#organization\"},\"potentialAction\":[{\"@type\":\"SearchAction\",\"target\":{\"@type\":\"EntryPoint\",\"urlTemplate\":\"https:\/\/alain-marie.fr\/?s={search_term_string}\"},\"query-input\":{\"@type\":\"PropertyValueSpecification\",\"valueRequired\":true,\"valueName\":\"search_term_string\"}}],\"inLanguage\":\"fr-FR\"},{\"@type\":\"Organization\",\"@id\":\"https:\/\/alain-marie.fr\/#organization\",\"name\":\"Sculpteur\",\"url\":\"https:\/\/alain-marie.fr\/\",\"logo\":{\"@type\":\"ImageObject\",\"inLanguage\":\"fr-FR\",\"@id\":\"https:\/\/alain-marie.fr\/#\/schema\/logo\/image\/\",\"url\":\"https:\/\/alain-marie.fr\/wp-content\/uploads\/2023\/01\/image.png\",\"contentUrl\":\"https:\/\/alain-marie.fr\/wp-content\/uploads\/2023\/01\/image.png\",\"width\":1024,\"height\":746,\"caption\":\"Sculpteur\"},\"image\":{\"@id\":\"https:\/\/alain-marie.fr\/#\/schema\/logo\/image\/\"}}]}<\/script>\n<!-- \/ Yoast SEO plugin. -->","yoast_head_json":{"title":"Accueil - Sculpteur","robots":{"index":"index","follow":"follow","max-snippet":"max-snippet:-1","max-image-preview":"max-image-preview:large","max-video-preview":"max-video-preview:-1"},"canonical":"https:\/\/alain-marie.fr\/","og_locale":"fr_FR","og_type":"article","og_title":"Accueil - Sculpteur","og_description":"Alain-Marie Parmentier est n\u00e9 dans une ferme d&rsquo;altitude du massif vosgien. Rien \u00e0 priori ne le pr\u00e9disposait \u00e0 devenir sculpteur. De formation technique, il exerce dans des domaines industriels tr\u00e8s vari\u00e9s qui le portent \u00e0 s&rsquo;int\u00e9resser au syst\u00e8me des objets et \u00e0 l&rsquo;\u00e9volution des savoir-faire. Cette curiosit\u00e9 pour les processus &hellip;","og_url":"https:\/\/alain-marie.fr\/","og_site_name":"Sculpteur","article_modified_time":"2024-11-08T08:22:29+00:00","og_image":[{"width":2048,"height":1536,"url":"https:\/\/alain-marie.fr\/wp-content\/uploads\/2023\/02\/orme-qui-marche-detail.jpg","type":"image\/jpeg"}],"twitter_card":"summary_large_image","twitter_misc":{"Dur\u00e9e de lecture estim\u00e9e":"2 minutes"},"schema":{"@context":"https:\/\/schema.org","@graph":[{"@type":"WebPage","@id":"https:\/\/alain-marie.fr\/","url":"https:\/\/alain-marie.fr\/","name":"Accueil - Sculpteur","isPartOf":{"@id":"https:\/\/alain-marie.fr\/#website"},"primaryImageOfPage":{"@id":"https:\/\/alain-marie.fr\/#primaryimage"},"image":{"@id":"https:\/\/alain-marie.fr\/#primaryimage"},"thumbnailUrl":"https:\/\/alain-marie.fr\/wp-content\/uploads\/2023\/02\/orme-qui-marche-detail-1024x768.jpg","datePublished":"2022-12-20T15:52:15+00:00","dateModified":"2024-11-08T08:22:29+00:00","breadcrumb":{"@id":"https:\/\/alain-marie.fr\/#breadcrumb"},"inLanguage":"fr-FR","potentialAction":[{"@type":"ReadAction","target":["https:\/\/alain-marie.fr\/"]}]},{"@type":"ImageObject","inLanguage":"fr-FR","@id":"https:\/\/alain-marie.fr\/#primaryimage","url":"https:\/\/alain-marie.fr\/wp-content\/uploads\/2023\/02\/orme-qui-marche-detail.jpg","contentUrl":"https:\/\/alain-marie.fr\/wp-content\/uploads\/2023\/02\/orme-qui-marche-detail.jpg","width":2048,"height":1536},{"@type":"BreadcrumbList","@id":"https:\/\/alain-marie.fr\/#breadcrumb","itemListElement":[{"@type":"ListItem","position":1,"name":"Accueil","item":"https:\/\/alain-marie.fr\/"},{"@type":"ListItem","position":2,"name":"Accueil"}]},{"@type":"WebSite","@id":"https:\/\/alain-marie.fr\/#website","url":"https:\/\/alain-marie.fr\/","name":"Sculpteur","description":"Alain Marie Parmentier","publisher":{"@id":"https:\/\/alain-marie.fr\/#organization"},"potentialAction":[{"@type":"SearchAction","target":{"@type":"EntryPoint","urlTemplate":"https:\/\/alain-marie.fr\/?s={search_term_string}"},"query-input":{"@type":"PropertyValueSpecification","valueRequired":true,"valueName":"search_term_string"}}],"inLanguage":"fr-FR"},{"@type":"Organization","@id":"https:\/\/alain-marie.fr\/#organization","name":"Sculpteur","url":"https:\/\/alain-marie.fr\/","logo":{"@type":"ImageObject","inLanguage":"fr-FR","@id":"https:\/\/alain-marie.fr\/#\/schema\/logo\/image\/","url":"https:\/\/alain-marie.fr\/wp-content\/uploads\/2023\/01\/image.png","contentUrl":"https:\/\/alain-marie.fr\/wp-content\/uploads\/2023\/01\/image.png","width":1024,"height":746,"caption":"Sculpteur"},"image":{"@id":"https:\/\/alain-marie.fr\/#\/schema\/logo\/image\/"}}]}},"_links":{"self":[{"href":"https:\/\/alain-marie.fr\/index.php?rest_route=\/wp\/v2\/pages\/20566","targetHints":{"allow":["GET"]}}],"collection":[{"href":"https:\/\/alain-marie.fr\/index.php?rest_route=\/wp\/v2\/pages"}],"about":[{"href":"https:\/\/alain-marie.fr\/index.php?rest_route=\/wp\/v2\/types\/page"}],"author":[{"embeddable":true,"href":"https:\/\/alain-marie.fr\/index.php?rest_route=\/wp\/v2\/users\/5"}],"replies":[{"embeddable":true,"href":"https:\/\/alain-marie.fr\/index.php?rest_route=%2Fwp%2Fv2%2Fcomments&post=20566"}],"version-history":[{"count":61,"href":"https:\/\/alain-marie.fr\/index.php?rest_route=\/wp\/v2\/pages\/20566\/revisions"}],"predecessor-version":[{"id":23125,"href":"https:\/\/alain-marie.fr\/index.php?rest_route=\/wp\/v2\/pages\/20566\/revisions\/23125"}],"wp:attachment":[{"href":"https:\/\/alain-marie.fr\/index.php?rest_route=%2Fwp%2Fv2%2Fmedia&parent=20566"}],"curies":[{"name":"wp","href":"https:\/\/api.w.org\/{rel}","templated":true}]}}